?
False
Does 3 divide 891?
True
Does 58 divide 10266?
True
Does 9 divide 1232?
False
Is 13 a factor of 3272?
False
Is 153 a factor of 3978?
True
Is 3717 a multiple of 177?
True
Is 1085 a multiple of 28?
False
Does 21 divide 2814?
True
Does 29 divide 8577?
False
Does 9 divide 3923?
False
Is 4 a factor of 120?
True
Is 21716 a multiple of 73?
False
Does 8 divide 13?
False
Does 31 divide 14632?
True
Does 10 divide 7490?
True
Is 5 a factor of 225?
True
Is 14 a factor of 2774?
False
Does 8 divide 1456?
True
Is 11655 a multiple of 21?
True
Does 47 divide 846?
True
Is 14424 a multiple of 466?
False
Is 5 a factor of 2644?
False
Does 15 divide 2677?
False
Does 15 divide 15735?
True
Does 3 divide 12464?
False
Is 5 a factor of 901?
False
Does 13 divide 896?
False
Is 100 a multiple of 50?
True
Is 8453 a multiple of 41?
False
Does 11 divide 2788?
False
Is 4445 a multiple of 11?
False
Does 29 divide 38541?
True
Is 10 a factor of 27642?
False
Is 9 a factor of 7784?
False
Does 29 divide 33026?
False
Does 33 divide 20955?
True
Does 107 divide 107535?
True
Does 28 divide 51677?
False
Does 133 divide 7026?
False
Is 401 a multiple of 11?
False
Is 67 a factor of 201?
True
Is 19 even?
False
Does 28 divide 18580?
False
Is 34 a factor of 12240?
True
Is 136 a multiple of 5?
False
Is 252 a multiple of 9?
True
Is 15 a factor of 579?
False
Is 17 a factor of 15674?
True
Is 53 even?
False
Does 34 divide 59495?
False
Does 12 divide 816?
True
Is 3003 a multiple of 13?
True
Does 131 divide 69299?
True
Is 187 a factor of 10285?
True
Does 2 divide 728?
True
Does 5 divide 400?
True
Does 38 divide 912?
True
Is 15840 a multiple of 11?
True
Is 84543 a multiple of 156?
False
Does 12 divide 5084?
False
Does 65 divide 6045?
True
Does 48 divide 106?
False
Is 2027 a multiple of 42?
False
Does 36 divide 1584?
True
Is 14 a factor of 408?
False
Does 13 divide 283?
False
Is 146 a multiple of 5?
False
Is 73 a factor of 6422?
False
Does 19 divide 26640?
False
Does 123 divide 44908?
False
Is 37268 a multiple of 28?
True
Is 82 a factor of 2296?
True
Does 17 divide 1306?
False
Is 11 a factor of 41107?
True
Does 3 divide 111?
True
Is 10 a factor of 882?
False
Is 38 a factor of 261?
False
Is 826 a multiple of 90?
False
Does 5 divide 1589?
False
Is 1100 a multiple of 20?
True
Is 10314 a multiple of 38?
False
Is 12 a factor of 891?
False
Does 74 divide 888?
True
Does 3 divide 124?
False
Is 96 a factor of 4800?
True
Is 19190 a multiple of 19?
True
Is 18 a factor of 7683?
False
Is 87400 a multiple of 20?
True
Is 5 a factor of 795?
True
Is 4592 a multiple of 41?
True
Is 22 a factor of 21193?
False
Is 21 a factor of 92400?
True
Does 17 divide 787?
False
Is 10205 a multiple of 25?
False
Does 50 divide 350?
True
Is 58 a factor of 9123?
False
Is 13 a factor of 1496?
False
Is 7 a factor of 378?
True
Does 7 divide 609?
True
Is 23 a factor of 29158?
False
Is 2163 a multiple of 103?
True
Is 136 a multiple of 17?
True
Does 6 divide 37538?
False
Is 19 a multiple of 15?
False
Is 7468 a multiple of 180?
False
Is 15313 a multiple of 32?
False
Is 63731 a multiple of 21?
False
Does 10 divide 16667?
False
Is 42 a multiple of 4?
False
Does 18 divide 13770?
True
Is 4 a factor of 2050?
False
Is 3136 a multiple of 16?
True
Is 440 a multiple of 44?
True
Is 25521 a multiple of 47?
True
Does 65 divide 34671?
False
Does 39 divide 6786?
True
Is 28 a factor of 10297?
False
Is 836 a multiple of 44?
True
Is 833 a multiple of 4?
False
Does 25 divide 6489?
False
Is 8 a factor of 2452?
False
Does 36 divide 504?
True
Is 63 a factor of 484?
False
Is 15 a factor of 210?
True
Is 12532 a multiple of 67?
False
Is 208 a factor of 886?
False
Is 8326 a multiple of 23?
True
Is 5607 a multiple of 9?
True
Does 31 divide 1154?
False
Is 968 a multiple of 11?
True
Is 78 a multiple of 78?
True
Is 12 a factor of 240?
True
Is 39 a factor of 9204?
True
Is 10 a factor of 1055?
False
Does 9 divide 2217?
False
Is 6897 a multiple of 57?
True
Does 3 divide 395?
False
Is 3 a factor of 171?
True
Is 80436 a multiple of 6?
True
Does 131 divide 1572?
True
Is 1080 a multiple of 45?
True
Is 38 a factor of 1330?
True
Is 6795 a multiple of 60?
False
Is 61 a multiple of 8?
False
Is 2439 a multiple of 57?
False
Is 74100 a multiple of 285?
True
Does 3 divide 30297?
True
Does 9 divide 9657?
True
Is 19 a factor of 1842?
False
Is 53658 a multiple of 198?
True
Is 18775 a multiple of 27?
False
Is 6 a factor of 1145?
False
Is 5 a factor of 1634?
False
Is 413 a multiple of 59?
True
Is 15 a factor of 2220?
True
Does 9 divide 2028?
False
Is 358 a factor of 45102?
False
Is 31 a factor of 5427?
False
Is 5 a factor of 20?
True
Is 515 a multiple of 2?
False
Does 12 divide 60?
True
Is 141586 a multiple of 50?
False
Is 25699 a multiple of 12?
False
Does 10 divide 17102?
False
Does 3 divide 107?
False
Does 33 divide 19489?
False
Is 68 a factor of 4624?
True
Does 29 divide 915?
False
Is 2358 a multiple of 159?
False
Is 1464 a multiple of 24?
True
Does 87 divide 5404?
False
Does 13 divide 130208?
True
Is 16280 a multiple of 19?
False
Is 69416 a multiple of 242?
False
Is 89 a factor of 26440?
False
Is 16 a factor of 26944?
True
Is 1233 a multiple of 6?
False
Is 63 a factor of 1935?
False
Does 40 divide 5920?
True
Does 89 divide 178?
True
Does 35 divide 21605?
False
Is 6 a factor of 3402?
True
Is 1597 a multiple of 18?
False
Is 796 a multiple of 30?
False
Is 21 a factor of 227?
False
Does 7 divide 3487?
False
Is 14 a multiple of 7?
True
Does 18 divide 742?
False
Does 235 divide 9779?
False
Is 54 a factor of 324?
True
Does 10 divide 22501?
False
Does 14 divide 29730?
False
Does 22 divide 44?
True
Is 108 a multiple of 36?
True
Is 113 a multiple of 9?
False
Does 68 divide 5883?
False
Is 1125 a multiple of 7?
False
Does 20 divide 525?
False
Is 12884 even?
True
Is 1944 a multiple of 24?
True
Is 6460 a multiple of 85?
True
Does 19 divide 3317?
False
Is 5 a factor of 30785?
True
Is 4234 a multiple of 29?
True
Does 65 divide 136?
False
Is 8 a factor of 296?
True
Is 8000 a multiple of 32?
True
Does 82 divide 5248?
True
Does 16 divide 16904?
False
Is 3842 a multiple of 16?
False
Does 8 divide 3508?
False
Is 25 a factor of 1939?
False
Is 35 a factor of 25081?
False
Is 25962 even?
True
Does 4 divide 5948?
True
Is 100202 a multiple of 20?
False
Does 56 divide 1736?
True
Is 91 a factor of 13741?
True
Does 29 divide 18770?
False
Is 11 a factor of 293?
False
Does 67 divide 140030?
True
Is 323 a multiple of 17?
True
Is 8219 a multiple of 6?
False
Is 33 a factor of 378?
False
Does 50 divide 6237?
False
Is 61 a factor of 7279?
False
Is 4116 a multiple of 8?
False
Does 9 divide 954?
True
Is 17 a factor of 14140?
False
Is 738 a multiple of 18?
True
Is 31 a factor of 298?
False
Is 219 a multiple of 8?
False
Is 32 a factor of 896?
True
Is 41616 a multiple of 9?
True
Is 3000 a multiple of 12?
True
Is 21 a factor of 3444?
True
Does 35 divide 89?
False
Is 1269 a multiple of 47?
True
Is 1105 a multiple of 35?
False
Is 13 a factor of 824?
False
Is 32 a factor of 512?
True
Is 23 a factor of 1545?
False
Is 92 a factor of 1356?
False
Is 800 a multiple of 51?
False
Is 2013 a multiple of 61?
True
Is 3392 a multiple of 16?
True
Is 63758 a multiple of 142?
True
Is 1960 a multiple of 10?
True
Is 31 a factor of 7577?
False
Is 64 a factor of 14592?
True
Is 49922 a multiple of 5?
False
Is 27 a factor of 264?
False
Is 56786 a multiple of 20?
False
Is 8 a factor of 272?
True
Is 22 a factor of 596?
False
Is 41412 a multiple of 116?
True
Is 3400 a multiple of 17?
True
Is 12 a factor of 84804?
True
Is 44 a factor of 47153?
False
Is 4 a factor of 2856?
True
Does 137 divide 959?
True
Does 71 divide 120380?
False
Does 51 divide 816?
True
Does 24 divide 446?
False
Is 321 a multiple of 10?
False
Does 29 divide 23606?
True
Is 40 a factor of 130560?
True
Is 351 a multiple of 39?
True
Does 317 divide 22190?
True
Is 3145 a multiple of 85?
True
Does 19 divide 1710?
True
Does 52 divide 2045?
False
Is 46 a factor of 9103?
False
Is 243 a multiple of 27?
True
Is 722 a multiple of 40?
False
Does 82 divide 6888?
True
Is 756 a multiple of 10?
False
Does 79 divide 3555?
True
Is 71 a factor of 1568?
False
Is 602 a multiple of 8?
False
Does 34 divide 19601?
False
Is 3 a factor of 19017?
True
Does 42 divide 2772?
True
Is 1088 a multiple of 12?
Fal